{"id":856,"date":"2025-05-10T17:58:27","date_gmt":"2025-05-10T14:58:27","guid":{"rendered":"http:\/\/localhost\/?page_id=856"},"modified":"2025-08-14T16:36:04","modified_gmt":"2025-08-14T13:36:04","slug":"elementor-856","status":"publish","type":"page","link":"https:\/\/iztesmakina.net\/?page_id=856","title":{"rendered":"Haberler"},"content":{"rendered":"\t\t<div data-elementor-type=\"wp-page\" data-elementor-id=\"856\" class=\"elementor elementor-856\" data-elementor-settings=\"{&quot;ha_cmc_init_switcher&quot;:&quot;no&quot;}\">\n\t\t\t\t<div class=\"elementor-element elementor-element-244e2f6a e-flex e-con-boxed e-con e-parent\" data-id=\"244e2f6a\" data-element_type=\"container\" data-e-type=\"container\" data-settings=\"{&quot;_ha_eqh_enable&quot;:false}\">\n\t\t\t\t\t<div class=\"e-con-inner\">\n\t\t\t\t<div class=\"elementor-element elementor-element-5bba56bc elementor-widget elementor-widget-elementskit-heading\" data-id=\"5bba56bc\" data-element_type=\"widget\" data-e-type=\"widget\" data-widget_type=\"elementskit-heading.default\">\n\t\t\t\t<div class=\"elementor-widget-container\">\n\t\t\t\t\t<div class=\"ekit-wid-con\" ><div class=\"ekit-heading elementskit-section-title-wraper center   ekit_heading_tablet-   ekit_heading_mobile-\"><h2 class=\"ekit-heading--title elementskit-section-title \">Haberler<\/h2><div class=\"ekit_heading_separetor_wraper ekit_heading_elementskit-border-divider ekit-dotted\"><div class=\"elementskit-border-divider ekit-dotted\"><\/div><\/div><\/div><\/div>\t\t\t\t<\/div>\n\t\t\t\t<\/div>\n\t\t<div class=\"elementor-element elementor-element-1501497d e-con-full e-grid e-con e-child\" data-id=\"1501497d\" data-element_type=\"container\" data-e-type=\"container\" data-settings=\"{&quot;_ha_eqh_enable&quot;:false}\">\n\t\t\t\t<div class=\"elementor-element elementor-element-2d51c768 ekit-equal-height-disable elementor-widget elementor-widget-elementskit-image-box\" data-id=\"2d51c768\" data-element_type=\"widget\" data-e-type=\"widget\" data-widget_type=\"elementskit-image-box.default\">\n\t\t\t\t<div class=\"elementor-widget-container\">\n\t\t\t\t\t<div class=\"ekit-wid-con\" >\n            <div class=\"elementskit-info-image-box ekit-image-box text-left simple-card\" >\n\n                \n                <div class=\"elementskit-box-header image-box-img-left\">\n\n                    <img fetchpriority=\"high\" decoding=\"async\" width=\"2560\" height=\"1437\" src=\"https:\/\/iztesmakina.net\/wp-content\/uploads\/2025\/05\/bumatech-banner-scaled.png\" class=\"attachment-full size-full wp-image-862\" alt=\"\" srcset=\"https:\/\/iztesmakina.net\/wp-content\/uploads\/2025\/05\/bumatech-banner-scaled.png 2560w, https:\/\/iztesmakina.net\/wp-content\/uploads\/2025\/05\/bumatech-banner-300x168.png 300w, https:\/\/iztesmakina.net\/wp-content\/uploads\/2025\/05\/bumatech-banner-1024x575.png 1024w, https:\/\/iztesmakina.net\/wp-content\/uploads\/2025\/05\/bumatech-banner-768x431.png 768w, https:\/\/iztesmakina.net\/wp-content\/uploads\/2025\/05\/bumatech-banner-1536x862.png 1536w, https:\/\/iztesmakina.net\/wp-content\/uploads\/2025\/05\/bumatech-banner-2048x1150.png 2048w\" sizes=\"(max-width: 2560px) 100vw, 2560px\" \/>\n                <\/div>\n                \n                <div class=\"elementskit-box-body ekit-image-box-body\">\n                    <div class=\"elementskit-box-content ekit-image-box-body-inner\">\n                                                <h3 class=\"elementskit-info-box-title\">\n\n                        BUMATECH 2024\n                        \n                    <\/h3>\n                                                            <div class=\"elementskit-box-style-content\">\n                        Metal \u0130\u015fleme Teknolojileri, Sac \u0130\u015fleme Teknolojileri ve Otomasyon Fuarlar\u0131n\u0131 tek \u00e7at\u0131 alt\u0131nda bulu\u015fturan BUMATECH - Bursa Makine Teknolojileri Fuarlar\u0131, 28 Kas\u0131m - 1 Aral\u0131k 2023 tarihleri aras\u0131nda sekt\u00f6r profesyonellerini a\u011f\u0131rlad\u0131. \n\n                    <\/div>\n                                    <\/div>\n\n                                <div class=\"elementskit-box-footer\">\n                    <div class=\"box-footer\">\n                        <div class=\"btn-wraper\">\n                                                            <a href=\"#\" class=\"elementskit-btn whitespace--normal\">\n                                    \n                                    \n                                    Read More                                <\/a>\n                                                        <\/div>\n                    <\/div>\n                <\/div>\n                            <\/div>\n            <\/div>\n    <\/div>\t\t\t\t<\/div>\n\t\t\t\t<\/div>\n\t\t\t\t<div class=\"elementor-element elementor-element-74e8b1ce ekit-equal-height-disable elementor-widget elementor-widget-elementskit-image-box\" data-id=\"74e8b1ce\" data-element_type=\"widget\" data-e-type=\"widget\" data-widget_type=\"elementskit-image-box.default\">\n\t\t\t\t<div class=\"elementor-widget-container\">\n\t\t\t\t\t<div class=\"ekit-wid-con\" >\n            <div class=\"elementskit-info-image-box ekit-image-box text-left simple-card\" >\n\n                \n                <div class=\"elementskit-box-header image-box-img-left\">\n\n                    <img decoding=\"async\" width=\"1600\" height=\"1200\" src=\"https:\/\/iztesmakina.net\/wp-content\/uploads\/2025\/05\/WhatsApp-Gorsel-2025-05-10-saat-18.01.35_7a2610b1.jpg\" class=\"attachment-full size-full wp-image-863\" alt=\"\" srcset=\"https:\/\/iztesmakina.net\/wp-content\/uploads\/2025\/05\/WhatsApp-Gorsel-2025-05-10-saat-18.01.35_7a2610b1.jpg 1600w, https:\/\/iztesmakina.net\/wp-content\/uploads\/2025\/05\/WhatsApp-Gorsel-2025-05-10-saat-18.01.35_7a2610b1-300x225.jpg 300w, https:\/\/iztesmakina.net\/wp-content\/uploads\/2025\/05\/WhatsApp-Gorsel-2025-05-10-saat-18.01.35_7a2610b1-1024x768.jpg 1024w, https:\/\/iztesmakina.net\/wp-content\/uploads\/2025\/05\/WhatsApp-Gorsel-2025-05-10-saat-18.01.35_7a2610b1-768x576.jpg 768w, https:\/\/iztesmakina.net\/wp-content\/uploads\/2025\/05\/WhatsApp-Gorsel-2025-05-10-saat-18.01.35_7a2610b1-1536x1152.jpg 1536w\" sizes=\"(max-width: 1600px) 100vw, 1600px\" \/>\n                <\/div>\n                \n                <div class=\"elementskit-box-body ekit-image-box-body\">\n                    <div class=\"elementskit-box-content ekit-image-box-body-inner\">\n                                                <h3 class=\"elementskit-info-box-title\">\n\n                        MAKTEK Avrasya 2024\n                        \n                    <\/h3>\n                                                            <div class=\"elementskit-box-style-content\">\n                        MAKTEK Avrasya, b\u00f6lgedeki en g\u00fcvenilir fuarlardan biridir. \u0130stanbul, Avrasya'n\u0131n kalbidir. \u015eehir, b\u00f6lgedeki ticari ili\u015fkilerin yan\u0131 s\u0131ra 2 k\u0131tay\u0131 birbirine ba\u011flayan en \u00f6nemli \u015fehirdir. \u015eehir ayn\u0131 zamanda T\u00fcrkiye'nin finans, lojistik ve \u00fcretim merkezidir.\n\n                    <\/div>\n                                    <\/div>\n\n                                <div class=\"elementskit-box-footer\">\n                    <div class=\"box-footer\">\n                        <div class=\"btn-wraper\">\n                                                            <a href=\"#\" class=\"elementskit-btn whitespace--normal\">\n                                    \n                                    \n                                    Read More                                <\/a>\n                                                        <\/div>\n                    <\/div>\n                <\/div>\n                            <\/div>\n            <\/div>\n    <\/div>\t\t\t\t<\/div>\n\t\t\t\t<\/div>\n\t\t\t\t<div class=\"elementor-element elementor-element-306bf7f6 ekit-equal-height-disable elementor-widget elementor-widget-elementskit-image-box\" data-id=\"306bf7f6\" data-element_type=\"widget\" data-e-type=\"widget\" data-widget_type=\"elementskit-image-box.default\">\n\t\t\t\t<div class=\"elementor-widget-container\">\n\t\t\t\t\t<div class=\"ekit-wid-con\" >\n            <div class=\"elementskit-info-image-box ekit-image-box text-left simple-card\" >\n\n                \n                <div class=\"elementskit-box-header image-box-img-left\">\n\n                    <img decoding=\"async\" width=\"1200\" height=\"1600\" src=\"https:\/\/iztesmakina.net\/wp-content\/uploads\/2025\/05\/WhatsApp-Gorsel-2025-05-10-saat-18.02.01_d2b27639.jpg\" class=\"attachment-full size-full wp-image-864\" alt=\"\" srcset=\"https:\/\/iztesmakina.net\/wp-content\/uploads\/2025\/05\/WhatsApp-Gorsel-2025-05-10-saat-18.02.01_d2b27639.jpg 1200w, https:\/\/iztesmakina.net\/wp-content\/uploads\/2025\/05\/WhatsApp-Gorsel-2025-05-10-saat-18.02.01_d2b27639-225x300.jpg 225w, https:\/\/iztesmakina.net\/wp-content\/uploads\/2025\/05\/WhatsApp-Gorsel-2025-05-10-saat-18.02.01_d2b27639-768x1024.jpg 768w, https:\/\/iztesmakina.net\/wp-content\/uploads\/2025\/05\/WhatsApp-Gorsel-2025-05-10-saat-18.02.01_d2b27639-1152x1536.jpg 1152w\" sizes=\"(max-width: 1200px) 100vw, 1200px\" \/>\n                <\/div>\n                \n                <div class=\"elementskit-box-body ekit-image-box-body\">\n                    <div class=\"elementskit-box-content ekit-image-box-body-inner\">\n                                                <h3 class=\"elementskit-info-box-title\">\n\n                        MAKTEK KONYA 2023\n                        \n                    <\/h3>\n                                                            <div class=\"elementskit-box-style-content\">\n                        MAKTEK KONYA 2023                    <\/div>\n                                    <\/div>\n\n                                <div class=\"elementskit-box-footer\">\n                    <div class=\"box-footer\">\n                        <div class=\"btn-wraper\">\n                                                            <a href=\"#\" class=\"elementskit-btn whitespace--normal\">\n                                    \n                                    \n                                    Read More                                <\/a>\n                                                        <\/div>\n                    <\/div>\n                <\/div>\n                            <\/div>\n            <\/div>\n    <\/div>\t\t\t\t<\/div>\n\t\t\t\t<\/div>\n\t\t\t\t<\/div>\n\t\t\t\t\t<\/div>\n\t\t\t\t<\/div>\n\t\t\t\t<\/div>\n\t\t","protected":false},"excerpt":{"rendered":"<p>Haberler BUMATECH 2024 Metal \u0130\u015fleme Teknolojileri, Sac \u0130\u015fleme Teknolojileri ve Otomasyon Fuarlar\u0131n\u0131 tek \u00e7at\u0131 alt\u0131nda bulu\u015fturan BUMATECH &#8211; Bursa Makine Teknolojileri Fuarlar\u0131, 28 Kas\u0131m &#8211; 1 Aral\u0131k 2023 tarihleri aras\u0131nda sekt\u00f6r profesyonellerini a\u011f\u0131rlad\u0131. Read More MAKTEK Avrasya 2024 MAKTEK Avrasya, b\u00f6lgedeki en g\u00fcvenilir fuarlardan biridir. \u0130stanbul, Avrasya&#8217;n\u0131n kalbidir. \u015eehir, b\u00f6lgedeki ticari ili\u015fkilerin yan\u0131 s\u0131ra 2 [&hellip;]<\/p>\n","protected":false},"author":1,"featured_media":0,"parent":0,"menu_order":0,"comment_status":"closed","ping_status":"closed","template":"","meta":{"_joinchat":[],"footnotes":""},"class_list":["post-856","page","type-page","status-publish","hentry"],"_links":{"self":[{"href":"https:\/\/iztesmakina.net\/index.php?rest_route=\/wp\/v2\/pages\/856","targetHints":{"allow":["GET"]}}],"collection":[{"href":"https:\/\/iztesmakina.net\/index.php?rest_route=\/wp\/v2\/pages"}],"about":[{"href":"https:\/\/iztesmakina.net\/index.php?rest_route=\/wp\/v2\/types\/page"}],"author":[{"embeddable":true,"href":"https:\/\/iztesmakina.net\/index.php?rest_route=\/wp\/v2\/users\/1"}],"replies":[{"embeddable":true,"href":"https:\/\/iztesmakina.net\/index.php?rest_route=%2Fwp%2Fv2%2Fcomments&post=856"}],"version-history":[{"count":10,"href":"https:\/\/iztesmakina.net\/index.php?rest_route=\/wp\/v2\/pages\/856\/revisions"}],"predecessor-version":[{"id":1883,"href":"https:\/\/iztesmakina.net\/index.php?rest_route=\/wp\/v2\/pages\/856\/revisions\/1883"}],"wp:attachment":[{"href":"https:\/\/iztesmakina.net\/index.php?rest_route=%2Fwp%2Fv2%2Fmedia&parent=856"}],"curies":[{"name":"wp","href":"https:\/\/api.w.org\/{rel}","templated":true}]}}