{"id":882,"date":"2025-05-12T20:40:05","date_gmt":"2025-05-12T17:40:05","guid":{"rendered":"https:\/\/iztesmakina.net\/?page_id=882"},"modified":"2025-07-16T11:05:37","modified_gmt":"2025-07-16T08:05:37","slug":"bundle-testereler","status":"publish","type":"page","link":"https:\/\/iztesmakina.net\/?page_id=882","title":{"rendered":"Bundle Testereler"},"content":{"rendered":"\t\t<div data-elementor-type=\"wp-page\" data-elementor-id=\"882\" class=\"elementor elementor-882\" data-elementor-settings=\"{&quot;ha_cmc_init_switcher&quot;:&quot;no&quot;}\">\n\t\t\t\t<div class=\"elementor-element elementor-element-cd19dad e-grid e-con-boxed e-con e-parent\" data-id=\"cd19dad\" data-element_type=\"container\" data-e-type=\"container\" data-settings=\"{&quot;_ha_eqh_enable&quot;:false}\">\n\t\t\t\t\t<div class=\"e-con-inner\">\n\t\t\t\t<div class=\"elementor-element elementor-element-85a2f26 ekit-equal-height-disable elementor-widget elementor-widget-elementskit-image-box\" data-id=\"85a2f26\" data-element_type=\"widget\" data-e-type=\"widget\" data-widget_type=\"elementskit-image-box.default\">\n\t\t\t\t<div class=\"elementor-widget-container\">\n\t\t\t\t\t<div class=\"ekit-wid-con\" >\n            <div class=\"elementskit-info-image-box ekit-image-box text-center simple-card\" >\n\n                \n                <div class=\"elementskit-box-header image-box-img-center\">\n\n                    <img fetchpriority=\"high\" decoding=\"async\" width=\"2560\" height=\"1600\" src=\"https:\/\/iztesmakina.net\/wp-content\/uploads\/2025\/06\/IZTES-3000-BUNDLE-CUT-FRONT.jpg\" class=\"attachment-full size-full wp-image-1522\" alt=\"\" srcset=\"https:\/\/iztesmakina.net\/wp-content\/uploads\/2025\/06\/IZTES-3000-BUNDLE-CUT-FRONT.jpg 2560w, https:\/\/iztesmakina.net\/wp-content\/uploads\/2025\/06\/IZTES-3000-BUNDLE-CUT-FRONT-300x188.jpg 300w, https:\/\/iztesmakina.net\/wp-content\/uploads\/2025\/06\/IZTES-3000-BUNDLE-CUT-FRONT-1024x640.jpg 1024w, https:\/\/iztesmakina.net\/wp-content\/uploads\/2025\/06\/IZTES-3000-BUNDLE-CUT-FRONT-768x480.jpg 768w, https:\/\/iztesmakina.net\/wp-content\/uploads\/2025\/06\/IZTES-3000-BUNDLE-CUT-FRONT-1536x960.jpg 1536w, https:\/\/iztesmakina.net\/wp-content\/uploads\/2025\/06\/IZTES-3000-BUNDLE-CUT-FRONT-2048x1280.jpg 2048w\" sizes=\"(max-width: 2560px) 100vw, 2560px\" \/>\n                <\/div>\n                \n                <div class=\"elementskit-box-body ekit-image-box-body\">\n                    <div class=\"elementskit-box-content ekit-image-box-body-inner\">\n                                                <h3 class=\"elementskit-info-box-title\">\n\n                        \u0130ZTES 3000 BUNDLE CUT\n                        \n                    <\/h3>\n                                                            <div class=\"elementskit-box-style-content\">\n                        \u00d83000 BUNDLE CUT                    <\/div>\n                                    <\/div>\n\n                                <div class=\"elementskit-box-footer\">\n                    <div class=\"box-footer\">\n                        <div class=\"btn-wraper\">\n                                                            <a href=\"https:\/\/iztesmakina.net\/?page_id=1523\" class=\"elementskit-btn whitespace--normal\">\n                                    \n                                    \n                                    Daha Fazla                                <\/a>\n                                                        <\/div>\n                    <\/div>\n                <\/div>\n                            <\/div>\n            <\/div>\n    <\/div>\t\t\t\t<\/div>\n\t\t\t\t<\/div>\n\t\t\t\t<div class=\"elementor-element elementor-element-f413d2d ekit-equal-height-disable elementor-widget elementor-widget-elementskit-image-box\" data-id=\"f413d2d\" data-element_type=\"widget\" data-e-type=\"widget\" data-widget_type=\"elementskit-image-box.default\">\n\t\t\t\t<div class=\"elementor-widget-container\">\n\t\t\t\t\t<div class=\"ekit-wid-con\" >\n            <div class=\"elementskit-info-image-box ekit-image-box text-center simple-card\" >\n\n                \n                <div class=\"elementskit-box-header image-box-img-center\">\n\n                    <img decoding=\"async\" width=\"2560\" height=\"1600\" src=\"https:\/\/iztesmakina.net\/wp-content\/uploads\/2025\/06\/IZTES-210-DK-ON.jpg\" class=\"attachment-full size-full wp-image-1563\" alt=\"\" srcset=\"https:\/\/iztesmakina.net\/wp-content\/uploads\/2025\/06\/IZTES-210-DK-ON.jpg 2560w, https:\/\/iztesmakina.net\/wp-content\/uploads\/2025\/06\/IZTES-210-DK-ON-300x188.jpg 300w, https:\/\/iztesmakina.net\/wp-content\/uploads\/2025\/06\/IZTES-210-DK-ON-1024x640.jpg 1024w, https:\/\/iztesmakina.net\/wp-content\/uploads\/2025\/06\/IZTES-210-DK-ON-768x480.jpg 768w, https:\/\/iztesmakina.net\/wp-content\/uploads\/2025\/06\/IZTES-210-DK-ON-1536x960.jpg 1536w, https:\/\/iztesmakina.net\/wp-content\/uploads\/2025\/06\/IZTES-210-DK-ON-2048x1280.jpg 2048w\" sizes=\"(max-width: 2560px) 100vw, 2560px\" \/>\n                <\/div>\n                \n                <div class=\"elementskit-box-body ekit-image-box-body\">\n                    <div class=\"elementskit-box-content ekit-image-box-body-inner\">\n                                                <h3 class=\"elementskit-info-box-title\">\n\n                        \u0130ZTES 210 DK\n                        \n                    <\/h3>\n                                                            <div class=\"elementskit-box-style-content\">\n                        \u00d8210 DK                    <\/div>\n                                    <\/div>\n\n                                <div class=\"elementskit-box-footer\">\n                    <div class=\"box-footer\">\n                        <div class=\"btn-wraper\">\n                                                            <a href=\"https:\/\/iztesmakina.net\/?page_id=1825\" class=\"elementskit-btn whitespace--normal\">\n                                    \n                                    \n                                    Daha Fazla                                <\/a>\n                                                        <\/div>\n                    <\/div>\n                <\/div>\n                            <\/div>\n            <\/div>\n    <\/div>\t\t\t\t<\/div>\n\t\t\t\t<\/div>\n\t\t\t\t<div class=\"elementor-element elementor-element-e01c624 ekit-equal-height-disable elementor-widget elementor-widget-elementskit-image-box\" data-id=\"e01c624\" data-element_type=\"widget\" data-e-type=\"widget\" data-widget_type=\"elementskit-image-box.default\">\n\t\t\t\t<div class=\"elementor-widget-container\">\n\t\t\t\t\t<div class=\"ekit-wid-con\" >\n            <div class=\"elementskit-info-image-box ekit-image-box text-center simple-card\" >\n\n                \n                <div class=\"elementskit-box-header image-box-img-center\">\n\n                    <img decoding=\"async\" width=\"1920\" height=\"1132\" src=\"https:\/\/iztesmakina.net\/wp-content\/uploads\/2025\/06\/IZTES-LINEER-550-PAKET-KESIM-SOLCAPRAZ.jpg\" class=\"attachment-full size-full wp-image-1565\" alt=\"\" srcset=\"https:\/\/iztesmakina.net\/wp-content\/uploads\/2025\/06\/IZTES-LINEER-550-PAKET-KESIM-SOLCAPRAZ.jpg 1920w, https:\/\/iztesmakina.net\/wp-content\/uploads\/2025\/06\/IZTES-LINEER-550-PAKET-KESIM-SOLCAPRAZ-300x177.jpg 300w, https:\/\/iztesmakina.net\/wp-content\/uploads\/2025\/06\/IZTES-LINEER-550-PAKET-KESIM-SOLCAPRAZ-1024x604.jpg 1024w, https:\/\/iztesmakina.net\/wp-content\/uploads\/2025\/06\/IZTES-LINEER-550-PAKET-KESIM-SOLCAPRAZ-768x453.jpg 768w, https:\/\/iztesmakina.net\/wp-content\/uploads\/2025\/06\/IZTES-LINEER-550-PAKET-KESIM-SOLCAPRAZ-1536x906.jpg 1536w\" sizes=\"(max-width: 1920px) 100vw, 1920px\" \/>\n                <\/div>\n                \n                <div class=\"elementskit-box-body ekit-image-box-body\">\n                    <div class=\"elementskit-box-content ekit-image-box-body-inner\">\n                                                <h3 class=\"elementskit-info-box-title\">\n\n                        \u0130ZTES 550 PAKET KES\u0130M \n                        \n                    <\/h3>\n                                                            <div class=\"elementskit-box-style-content\">\n                        \u00d8550 PAKET KES\u0130M                    <\/div>\n                                    <\/div>\n\n                                <div class=\"elementskit-box-footer\">\n                    <div class=\"box-footer\">\n                        <div class=\"btn-wraper\">\n                                                            <a href=\"https:\/\/iztesmakina.net\/?page_id=1523\" class=\"elementskit-btn whitespace--normal\">\n                                    \n                                    \n                                    Daha Fazla                                <\/a>\n                                                        <\/div>\n                    <\/div>\n                <\/div>\n                            <\/div>\n            <\/div>\n    <\/div>\t\t\t\t<\/div>\n\t\t\t\t<\/div>\n\t\t\t\t\t<\/div>\n\t\t\t\t<\/div>\n\t\t\t\t<\/div>\n\t\t","protected":false},"excerpt":{"rendered":"<p>\u0130ZTES 3000 BUNDLE CUT \u00d83000 BUNDLE CUT Daha Fazla \u0130ZTES 210 DK \u00d8210 DK Daha Fazla \u0130ZTES 550 PAKET KES\u0130M \u00d8550 PAKET KES\u0130M Daha Fazla<\/p>\n","protected":false},"author":1,"featured_media":0,"parent":0,"menu_order":0,"comment_status":"closed","ping_status":"closed","template":"","meta":{"_joinchat":[],"footnotes":""},"class_list":["post-882","page","type-page","status-publish","hentry"],"_links":{"self":[{"href":"https:\/\/iztesmakina.net\/index.php?rest_route=\/wp\/v2\/pages\/882","targetHints":{"allow":["GET"]}}],"collection":[{"href":"https:\/\/iztesmakina.net\/index.php?rest_route=\/wp\/v2\/pages"}],"about":[{"href":"https:\/\/iztesmakina.net\/index.php?rest_route=\/wp\/v2\/types\/page"}],"author":[{"embeddable":true,"href":"https:\/\/iztesmakina.net\/index.php?rest_route=\/wp\/v2\/users\/1"}],"replies":[{"embeddable":true,"href":"https:\/\/iztesmakina.net\/index.php?rest_route=%2Fwp%2Fv2%2Fcomments&post=882"}],"version-history":[{"count":10,"href":"https:\/\/iztesmakina.net\/index.php?rest_route=\/wp\/v2\/pages\/882\/revisions"}],"predecessor-version":[{"id":1843,"href":"https:\/\/iztesmakina.net\/index.php?rest_route=\/wp\/v2\/pages\/882\/revisions\/1843"}],"wp:attachment":[{"href":"https:\/\/iztesmakina.net\/index.php?rest_route=%2Fwp%2Fv2%2Fmedia&parent=882"}],"curies":[{"name":"wp","href":"https:\/\/api.w.org\/{rel}","templated":true}]}}